 base 13, what is -17 - a7?
-c1
In base 4, what is 1 + 123031?
123032
In base 8, what is -23147 - -1?
-23146
In base 5, what is 4 + 432?
441
In base 5, what is -20 + -2144?
-2214
In base 12, what is -2 + -10?
-12
In base 8, what is 0 + 664?
664
In base 7, what is -30 - -5?
-22
In base 15, what is b0 - 3?
ac
In base 9, what is -4 + 405?
401
In base 7, what is 16666 - -4?
20003
In base 2, what is -1110101 - 101?
-1111010
In base 14, what is -324 + 0?
-324
In base 9, what is -2500 - -1?
-2488
In base 8, what is 700 + 3?
703
In base 12, what is 3 - 39?
-36
In base 2, what is 100 + -11100101010?
-11100100110
In base 3, what is 20 - -1112012?
1112102
In base 10, what is 2224 - 0?
2224
In base 7, what is -361 - -4?
-354
In base 10, what is 522 + -2?
520
In base 13, what is a - -1?
b
In base 10, what is 28 - 50?
-22
In base 12, what is 1 - 62?
-61
In base 8, what is -1 - 260?
-261
In base 9, what is -5 + -10?
-15
In base 11, what is 9 - -20?
29
In base 15, what is 797 - -1?
798
In base 9, what is -72 - -30?
-42
In base 12, what is -2159 - -3?
-2156
In base 13, what is -242b - -5?
-2426
In base 5, what is 1423 - 34?
1334
In base 12, what is 1 - -324?
325
In base 10, what is 11 - 21?
-10
In base 5, what is -42421 - 1?
-42422
In base 15, what is -2 + 2d4?
2d2
In base 15, what is 1 + d2?
d3
In base 16, what is -18 - 4?
-1c
In base 2, what is 11001 + -101?
10100
In base 7, what is 335 - -5?
343
In base 5, what is 43 + -40?
3
In base 7, what is 1 + -1631?
-1630
In base 10, what is -4788 + 3?
-4785
In base 6, what is 5 + 23345?
23354
In base 4, what is 12 - 1031?
-1013
In base 16, what is -b + 8d?
82
In base 11, what is 13471 + -4?
13468
In base 6, what is 11304 + -12?
11252
In base 15, what is -10 - ec?
-10c
In base 14, what is 8 + 74?
7c
In base 13, what is -527 - -3?
-524
In base 15, what is 67c - -9?
686
In base 11, what is -22 + -50a?
-531
In base 2, what is 110 - 10101001101?
-10101000111
In base 15, what is -3 - 15?
-18
In base 10, what is -290 - 0?
-290
In base 4, what is -11 + 302?
231
In base 6, what is 2 - -1134?
1140
In base 4, what is -1122 - 3?
-1131
In base 8, what is 76 + 11?
107
In base 13, what is 4 - -3b7?
3bb
In base 4, what is -10302 + 11?
-10231
In base 2, what is -1 + -101111110?
-101111111
In base 12, what is -1021 + -2?
-1023
In base 14, what is -3 - 4c?
-51
In base 4, what is 21 + 2123?
2210
In base 3, what is 10 - -1122012?
1122022
In base 13, what is 109 - 36?
a3
In base 15, what is 0 + -5dc?
-5dc
In base 8, what is -3 - -235?
232
In base 3, what is 1010212 - 111?
1010101
In base 2, what is -11 + 10001?
1110
In base 14, what is -6 + -11?
-17
In base 10, what is 1763 - -4?
1767
In base 8, what is 16 + 2?
20
In base 16, what is 270 - -5?
275
In base 5, what is 3 - 2220?
-2212
In base 16, what is -5 - 89?
-8e
In base 5, what is 421 + 10?
431
In base 10, what is 39 + -118?
-79
In base 5, what is 122 - -12120?
12242
In base 10, what is 31 - 55?
-24
In base 10, what is -1 - 35?
-36
In base 15, what is -9 - -2a?
21
In base 5, what is 3 + 2420?
2423
In base 11, what is 5 - -92?
97
In base 2, what is -10001000011 + 1?
-10001000010
In base 2, what is 1101001 + 10010?
1111011
In base 8, what is -3 - -1?
-2
In base 11, what is -1043 + -1?
-1044
In base 14, what is 3 + a2d?
a32
In base 11, what is -12 - 103?
-115
In base 15, what is 5c - 8?
54
In base 15, what is -3 - -22?
1e
In base 10, what is 59 + -3?
56
In base 3, what is 120 - 20?
100
In base 14, what is -1 - 71?
-72
In base 6, what is -354514 + 5?
-354505
In base 8, what is -2553 + -11?
-2564
In base 14, what is 252 - 3?
24d
In base 10, what is 2 + 2361?
2363
In base 6, what is 23 + -13023?
-13000
In base 13, what is 8 + -65?
-5a
In base 4, what is -130 - 12?
-202
In base 3, what is -11 - 2220212?
-2221000
In base 4, what is -2001321 + -11?
-2001332
In base 5, what is 2 - 1012?
-1010
In base 6, what is 114 - 4?
110
In base 6, what is -4 - 1244?
-1252
In base 2, what is 1111100011011 + 11?
1111100011110
In base 10, what is -605 - -33?
-572
In base 12, what is -2a - -2?
-28
In base 14, what is 65 - 4?
61
In base 7, what is -1 + -20430?
-20431
In base 6, what is -2 + 3112?
3110
In base 15, what is a6 - -d?
b4
In base 6, what is 45 - 1040?
-551
In base 13, what is 16cb + 8?
1706
In base 6, what is 5 - 3?
2
In base 10, what is 0 + 131?
131
In base 8, what is 5433 + -4?
5427
In base 11, what is -78 - -16?
-62
In base 15, what is 8 + 62?
6a
In base 13, what is bb + 25?
113
In base 12, what is 19a + 1?
19b
In base 9, what is 482 + 5?
487
In base 10, what is 5 + -29?
-24
In base 12, what is -39 + -18?
-55
In base 16, what is -13b - -2?
-139
In base 4, what is 201 + 3021?
3222
In base 15, what is -2 - -5a?
58
In base 16, what is -1 - -25?
24
In base 15, what is -e7 - 2?
-e9
In base 11, what is -2 + -2957?
-2959
In base 12, what is -31 - -2a7?
276
In base 11, what is -5 - 682?
-687
In base 7, what is 1 - 12014?
-12013
In base 12, what is 138 - -4?
140
In base 10, what is -379 - -3?
-376
In base 12, what is 5 + -1?
4
In base 11, what is -4 - 6140?
-6144
In base 15, what is -192 + 5?
-18c
In base 6, what is 0 - 53301?
-53301
In base 11, what is -138 + -6?
-143
In base 6, what is -515 + -20?
-535
In base 14, what is 3a + -7?
33
In base 6, what is 11 + -1525?
-1514
In base 4, what is -312 - 1200?
-2112
In base 10, what is -10 - 9?
-19
In base 12, what is -6 + 45?
3b
In base 10, what is 811 - 7?
804
In base 11, what is 28 - -2?
2a
In base 5, what is 1231 - -4?
1240
In base 3, what is -11 + 20021?
20010
In base 7, what is 63 + -1115?
-1022
In base 10, what is -15 + 3?
-12
In base 15, what is -5 - -54?
4e
In base 15, what is 5 + -2?
3
In base 10, what is 90 + -5?
85
In base 2, what is 11001 - 10?
10111
In base 16, what is -3c + 5?
-37
In base 13, what is 16 - -131?
147
In base 2, what is -10 + -100110?
-101000
In base 7, what is 12 - 103?
-61
In base 13, what is -5 - 330?
-335
In base 7, what is -1 + 60?
56
In base 6, what is 34 + -300?
-222
In base 2, what is -1010101010 - 100?
-1010101110
In base 3, what is -211212 + 1101?
-210111
In base 8, what is 0 - -323?
323
In base 8, what is 31 - 110?
-57
In base 11, what is 18a - -3?
192
In base 7, what is -2411 - 11?
-2422
In base 4, what is 2 + 31?
33
In base 11, what is 5 - 145?
-140
In base 13, what is 4 + 498?
49c
In base 6, what is 14 + -10?
4
In base 7, what is 22 - 42?
-20
In base 6, what is 204104 - 5?
204055
In base 4, what is 1123 + -122?
1001
In base 14, what is -5 + 28?
23
In base 11, what is -5 - -253?
249
In base 9, what is -2 - 242?
-244
In base 12, what is -148a + 5?
-1485
In base 7, what is 306 - -3?
312
In base 8, what is 1035 + 10?
1045
In base 5, what is 44 - 100?
-1
In base 11, what is 30 - 9?
22
In base 10, what is -390 - 4?
-394
In base 8, what is 45 - 33?
12
In base 9, what is 6437 + 4?
6442
In base 12, what is -2 + -3b?
-41
In base 7, what is -4156 + 0?
-4156
In base 5, what is 0 + -12022?
-12022
In base 9, what is -180 - -35?
-144
In base 2, what is 100100 + 101?
101001
In base 9, what is -16 - 14?
-31
In base 2, what is -10011011 + -100?
-10011111
In base 6, what is 2010 + 4?
2014
In base 5, what is 13 + 1004?
1022
In base 9, what is 4 + -82?
-77
In base 4, what is 23100 - -1?
23101
In base 11, what is -4 + -115?
-119
In base 8, what is -4 + 1373?
1367
In base 4, what is -2032 + 3?
-2023
In base 2, what is 110010101 - -1?
110010110
In base 4, what is -113 + 20?
-33
In base 15, what is 76 - -4?
7a
In base 8, what is 4 + -474?
-470
In base 15, what is -7 + 1b0?
1a8
In base 8, what is -210 - 6?
-216
In base 16, what is 2 + 4?
6
In base 6, what is -1 + 30?
25
In base 15, what is 9 - 35?
-2b
In base 2, what is 11 + -101000?
-100101
In base 2, what is -110 - -11011000111?
11011000001
In base 6, what is 15035 - 4?
15031
In base 5, what is 14 - -24?
43
In base 9, what is 20 - 614?
-584
In base 8, what is -567 - 5?
-574
In base 10, what is 13 - -3?
16
In base 9, what is 0 + -2176?
-2176
In base 11, what is 10 + 112?
122
In base 13, what is 5 + -15c?
-157
In base 12, what is -3 + -11b?
-122
In base 9, what is 712 - 22?
680
In base 4, what is -103 - -201033?
200330
In base 14, what is 0 - 4b8?
-4b8
In base 7, what is 150 + 2?
152
In base 7, what is 240 - 1?
236
In base 6, what is 12011 + -5?
12002
In base 2, what is 1010101 - -1?
1010110
In